{"id":24,"date":"2023-01-29T17:31:44","date_gmt":"2023-01-29T17:31:44","guid":{"rendered":"https:\/\/bitkowski.de\/?page_id=24"},"modified":"2025-10-05T15:12:50","modified_gmt":"2025-10-05T15:12:50","slug":"kontakt-impressum","status":"publish","type":"page","link":"https:\/\/bitkowski.de\/?page_id=24","title":{"rendered":"Kontakt \/ Impressum"},"content":{"rendered":"\n<p>Impressum und Haftungsauschlu\u00df<\/p>\n\n\n\n<figure class=\"wp-block-table\"><table><tbody><tr><td>Rainer Bitkowski<br>Ruhrtalstr.401<br>45219 Essen<br>02054 \/ 9833703<br><br>St.-Nr.: 112\/5033\/1073\u00a0 \u00a0<\/td><\/tr><tr><td><br><br>Bei Beschwerden, Hinweisen und Anregungen wenden Sie sich bitte zun\u00e4chst an den Verantwortlichen f\u00fcr diese Website:&nbsp; Rainer Bitkowski <a href=\"mailto:bitkowski@gmx.de\">bitkowski@gmx.de<\/a> &nbsp;<\/td><\/tr><tr><td><strong>Erkl\u00e4rung zum Datenschutz und zur Datensicherheit<\/strong> Wir unterst\u00fctzen den Schutz der Privatsph\u00e4re unserer Nutzer. Von personenbezogenen Daten wird nur nach Ma\u00dfgabe der nachstehenden Erkl\u00e4rung zum Datenschutz und zur Datensicherheit (Privacy Policy) Gebrauch gemacht. <strong>Datenschutzgesetze<\/strong><br>Zum Schutz Ihrer Rechte haben wir technische und organisatorische Ma\u00dfnahmen getroffen und sichergestellt, dass die Vorschriften \u00fcber den Datenschutz auch von externen Dienstleistern beachtet werden, die an diesem Angebot mitwirken. Ihre Daten d\u00fcrfen nur in dem Umfange verarbeitet werden, wie spezielle Gesetze es zulassen oder Ihre Einwilligung vorliegt. <strong>Datenspeicherung<\/strong><br>In Verbindung mit Ihrem Zugriff auf unsere Website werden in unserem Server f\u00fcr Zwecke der Datensicherheit vor\u00fcbergehend Daten gespeichert, die m\u00f6glicherweise eine Identifizierung zulassen (insbesondere die IP-Adresse, das Datum, die Uhrzeit, die aufgerufenen Seiten und durchgef\u00fchrten Aktionen, die zuvor aufgerufene Webseite, der verwandte Browser und das Betriebssystem). Eine Auswertung, mit Ausnahme f\u00fcr statistische Zwecke in anonymisierter Form, erfolgt nicht. <strong>Daten\u00fcbertragung \u00fcber das Internet<\/strong><br>Das Fernmeldegeheimnis sch\u00fctzt auch Ihre Mail-Inhalte und Formulareingaben vor unbefugter Kenntnisnahme und Verarbeitung. Allerdings m\u00fcssen wir Sie darauf hinweisen, dass die Daten\u00fcbertragung \u00fcber das Internet ungesichert erfolgt. Es ist nicht ausgeschlossen, dass \u00fcbermittelte Daten von Unbefugten zur Kenntnis genommen und eventuell sogar verf\u00e4lscht oder gel\u00f6scht werden. Wenn Sie das mit der \u00dcbertragung verbundene Risiko vermeiden wollen, k\u00f6nnen Sie uns Ihre Anregungen, W\u00fcnsche und Vorschl\u00e4ge auch per Briefpost an die im Impressum angegebene Redaktion zusenden. <strong>E-Mails<\/strong><br>Falls Sie uns eine E-Mail zusenden, m\u00fcssen Sie prinzipiell damit rechnen, dass der Inhalt der E-Mail und ihrer Anlagen von Unbefugten zur Kenntnis genommen, verf\u00e4lscht oder gel\u00f6scht werden k\u00f6nnen. Zur Vermeidung dieses Risikos steht Ihnen alternativ auch der Weg \u00fcber die Briefpost an die obige Adresse offen. <strong>Foren und Chats<\/strong><br>Wenn Sie innerhalb dieses Angebots Seiten aufrufen und dabei aufgefordert werden, Daten \u00fcber Sie einzugeben, unterliegt dies Ihrer freien Entscheidung. Wenn Eingaben erforderlich sein sollten, w\u00e4hlen Sie bitte einen erfundenen Spitznamen (Nickname). Bei Eintragungen in ein G\u00e4stebuch, in Foren oder Chats m\u00fcssen Sie damit rechnen, dass Ihr Name und Ihre E-Mail-Adresse mit Stichworten Ihres Beitrages in Suchmaschinen erfasst und auch ohne gezielten Aufruf unseres Angebotes weltweit zugreifbar werden. Bitte gehen Sie deshalb mit der Verwendung von pers\u00f6nlichen Daten m\u00f6glichst sparsam um! Die Ver\u00f6ffentlichung von personenbezogenen Daten kann dazu f\u00fchren, dass diese in Suchmaschinen oder Web-Archiven weltweit gespeichert werden. Die L\u00f6schung oder Korrektur solcher Eintr\u00e4ge l\u00e4sst sich bei ausl\u00e4ndischen Betreibern h\u00e4ufig nicht durchsetzen. Wir bitten um Verst\u00e4ndnis, dass wir uns K\u00fcrzungen oder die Nichtver\u00f6ffentlichung von datenschutzverletzenden Texten vorbehalten, insbesondere wenn diese im Zusammenhang mit ehrverletzenden, sexistischen, rassistischen oder extremistischen \u00c4u\u00dferungen stehen. <strong>Rechte der Nutzer<\/strong><br>Sie haben das Recht, auf Antrag unentgeltlich Auskunft \u00fcber die \u00fcber Sie gespeicherten personenbezogenen Daten zu erhalten (&nbsp;<a href=\"http:\/\/www.justiz.saarland.de\/medien\/inhalt\/205-4(1).pdf\"><strong>\u00a7<\/strong><\/a><a href=\"http:\/\/bundesrecht.juris.de\/bundesrecht\/tddsg\/__4.html\"><strong>&nbsp;Abs. 7 TDDSG&nbsp;<\/strong><\/a>,&nbsp;&nbsp;<a href=\"http:\/\/remus.jura.uni-sb.de\/web-dok\/2003\/20030008.html\"><strong>\u00a7 20 MDStV&nbsp;<\/strong><\/a>). Dar\u00fcber hinaus haben Sie nach Ma\u00dfgabe der gesetzlichen Bestimmungen ein Recht auf Berichtigung, Sperrung und L\u00f6schung Ihrer personenbezogenen Daten. <strong>Links<\/strong> Mit Urteil vom 12. Mai 1998 hat das Landgericht Hamburg entschieden, dass man durch die Ausbringung eines Links die Inhalte der gelinkten Seite ggf. mit zu verantworten hat. Dies kann &#8211; so das Landgericht &#8211; nur dadurch verhindert werden, dass man sich ausdr\u00fccklich von diesen Inhalten distanziert. Wir haben auf unserer Page Links zu anderen Seiten im Internet gelegt. F\u00fcr all diese Links gilt: Wir m\u00f6chten ausdr\u00fccklich betonen, dass wir keinerlei Einfluss auf die Gestaltung und die Inhalte der gelinkten Seiten haben. Deshalb distanzieren wir uns hiermit ausdr\u00fccklich von allen Inhalten aller gelinkten Seiten auf unserer Dom\u00e4ne, da es uns nicht m\u00f6glich ist, jede Internetseite nach rechtswidrigen Inhalten zu durchsuchen. Die Verantwortung f\u00fcr die Inhalte der Seiten, in Bild, Ton und Schrift, liegt ausschlie\u00dflich bei den Autoren der Seite. Der Betreiber hat keinerlei Einfluss auf die Inhalte der gelinkten Seiten. Wenn einen Hyperlink mit rechtswidrigen Inhalten uns zur Kenntnis gelangt, angezeigt oder gemeldet wird, wird diese sofort entfernt. Die hier genannte Erkl\u00e4rung gilt f\u00fcr alle Seiten der Dom\u00e4ne&nbsp; www.bitkowski.de &nbsp; <strong>R\u00fcckfragen<\/strong><br>Bei R\u00fcckfragen zu dieser Datenschutzerkl\u00e4rung wenden Sie sich bitte an die im Impressum angegebene verantwortliche Person. Au\u00dferdem steht Ihnen der Landesbeauftragte f\u00fcr Datenschutz als Ansprechpartner zur Verf\u00fcgung unter:<br>E-Mail:&nbsp;<a href=\"mailto:poststelle@ldi.nrw.de\">poststelle@ldi.nrw.de<\/a><br>Internet:&nbsp;<a href=\"http:\/\/www.nordrhein-westfalen.datenschutz.de\/\"><strong>http:\/\/www.nordrhein-westfalen.datenschutz.de\/<\/strong><\/a><br>Telefon : +49 211 384240<br>Fax: +49 211 3842410<\/td><\/tr><\/tbody><\/table><\/figure>\n\n\n\n<figure class=\"wp-block-table\"><table><tbody><tr><td>&nbsp;<\/td><\/tr><tr><td>&nbsp; &nbsp;Web-Betreuer: M.Bitkowski&nbsp;&nbsp;&nbsp;<a href=\"mailto:bofetti@web.de\">Bitkowski@web.de<\/a> &nbsp; &nbsp;<\/td><\/tr><tr><td>Erkl\u00e4rung zum Datenschutz und zur Datensicherheit Wir unterst\u00fctzen den Schutz der Privatsph\u00e4re unserer Nutzer. Von personenbezogenen Daten wird nur nach Ma\u00dfgabe der nachstehenden Erkl\u00e4rung zum Datenschutz und zur Datensicherheit (Privacy Policy) Gebrauch gemacht. Datenschutzgesetze<br>Zum Schutz Ihrer Rechte haben wir technische und organisatorische Ma\u00dfnahmen getroffen und sichergestellt, dass die Vorschriften \u00fcber den Datenschutz auch von externen Dienstleistern beachtet werden, die an diesem Angebot mitwirken. Ihre Daten d\u00fcrfen nur in dem Umfange verarbeitet werden, wie spezielle Gesetze es zulassen oder Ihre Einwilligung vorliegt. Datenspeicherung<br>In Verbindung mit Ihrem Zugriff auf unsere Website werden in unserem Server f\u00fcr Zwecke der Datensicherheit vor\u00fcbergehend Daten gespeichert, die m\u00f6glicherweise eine Identifizierung zulassen (insbesondere die IP-Adresse, das Datum, die Uhrzeit, die aufgerufenen Seiten und durchgef\u00fchrten Aktionen, die zuvor aufgerufene Webseite, der verwandte Browser und das Betriebssystem). Eine Auswertung, mit Ausnahme f\u00fcr statistische Zwecke in anonymisierter Form, erfolgt nicht. Daten\u00fcbertragung \u00fcber das Internet<br>Das Fernmeldegeheimnis sch\u00fctzt auch Ihre Mail-Inhalte und Formulareingaben vor unbefugter Kenntnisnahme und Verarbeitung. Allerdings m\u00fcssen wir Sie darauf hinweisen, dass die Daten\u00fcbertragung \u00fcber das Internet ungesichert erfolgt. Es ist nicht ausgeschlossen, dass \u00fcbermittelte Daten von Unbefugten zur Kenntnis genommen und eventuell sogar verf\u00e4lscht oder gel\u00f6scht werden. Wenn Sie das mit der \u00dcbertragung verbundene Risiko vermeiden wollen, k\u00f6nnen Sie uns Ihre Anregungen, W\u00fcnsche und Vorschl\u00e4ge auch per Briefpost an die im Impressum angegebene Redaktion zusenden. E-Mails<br>Falls Sie uns eine E-Mail zusenden, m\u00fcssen Sie prinzipiell damit rechnen, dass der Inhalt der E-Mail und ihrer Anlagen von Unbefugten zur Kenntnis genommen, verf\u00e4lscht oder gel\u00f6scht werden k\u00f6nnen. Zur Vermeidung dieses Risikos steht Ihnen alternativ auch der Weg \u00fcber die Briefpost an die obige Adresse offen. Foren und Chats<br>Wenn Sie innerhalb dieses Angebots Seiten aufrufen und dabei aufgefordert werden, Daten \u00fcber Sie einzugeben, unterliegt dies Ihrer freien Entscheidung. Wenn Eingaben erforderlich sein sollten, w\u00e4hlen Sie bitte einen erfundenen Spitznamen (Nickname). Bei Eintragungen in ein G\u00e4stebuch, in Foren oder Chats m\u00fcssen Sie damit rechnen, dass Ihr Name und Ihre E-Mail-Adresse mit Stichworten Ihres Beitrages in Suchmaschinen erfasst und auch ohne gezielten Aufruf unseres Angebotes weltweit zugreifbar werden. Bitte gehen Sie deshalb mit der Verwendung von pers\u00f6nlichen Daten m\u00f6glichst sparsam um! Die Ver\u00f6ffentlichung von personenbezogenen Daten kann dazu f\u00fchren, dass diese in Suchmaschinen oder Web-Archiven weltweit gespeichert werden. Die L\u00f6schung oder Korrektur solcher Eintr\u00e4ge l\u00e4sst sich bei ausl\u00e4ndischen Betreibern h\u00e4ufig nicht durchsetzen. Wir bitten um Verst\u00e4ndnis, dass wir uns K\u00fcrzungen oder die Nichtver\u00f6ffentlichung von datenschutzverletzenden Texten vorbehalten, insbesondere wenn diese im Zusammenhang mit ehrverletzenden, sexistischen, rassistischen oder extremistischen \u00c4u\u00dferungen stehen. Rechte der Nutzer<br>Sie haben das Recht, auf Antrag unentgeltlich Auskunft \u00fcber die \u00fcber Sie gespeicherten personenbezogenen Daten zu erhalten (&nbsp;<a href=\"http:\/\/www.justiz.saarland.de\/medien\/inhalt\/205-4(1).pdf\">\u00a7<\/a><a href=\"http:\/\/bundesrecht.juris.de\/bundesrecht\/tddsg\/__4.html\">&nbsp;Abs. 7 TDDSG&nbsp;<\/a>,&nbsp;&nbsp;<a href=\"http:\/\/remus.jura.uni-sb.de\/web-dok\/2003\/20030008.html\">\u00a7 20 MDStV&nbsp;<\/a>). Dar\u00fcber hinaus haben Sie nach Ma\u00dfgabe der gesetzlichen Bestimmungen ein Recht auf Berichtigung, Sperrung und L\u00f6schung Ihrer personenbezogenen Daten. Links Mit Urteil vom 12. Mai 1998 hat das Landgericht Hamburg entschieden, dass man durch die Ausbringung eines Links die Inhalte der gelinkten Seite ggf. mit zu verantworten hat. Dies kann &#8211; so das Landgericht &#8211; nur dadurch verhindert werden, dass man sich ausdr\u00fccklich von diesen Inhalten distanziert. Wir haben auf unserer Page Links zu anderen Seiten im Internet gelegt. F\u00fcr all diese Links gilt: Wir m\u00f6chten ausdr\u00fccklich betonen, dass wir keinerlei Einfluss auf die Gestaltung und die Inhalte der gelinkten Seiten haben. Deshalb distanzieren wir uns hiermit ausdr\u00fccklich von allen Inhalten aller gelinkten Seiten auf unserer Dom\u00e4ne, da es uns nicht m\u00f6glich ist, jede Internetseite nach rechtswidrigen Inhalten zu durchsuchen. Die Verantwortung f\u00fcr die Inhalte der Seiten, in Bild, Ton und Schrift, liegt ausschlie\u00dflich bei den Autoren der Seite. Der Betreiber hat keinerlei Einfluss auf die Inhalte der gelinkten Seiten. Wenn einen Hyperlink mit rechtswidrigen Inhalten uns zur Kenntnis gelangt, angezeigt oder gemeldet wird, wird diese sofort entfernt. Die hier genannte Erkl\u00e4rung gilt f\u00fcr alle Seiten der Dom\u00e4ne&nbsp;&nbsp;<a href=\"http:\/\/www.ruhr-kolleg.de\/\">http:\/\/www.Bitkowski.de<\/a> &nbsp; &nbsp; R\u00fcckfragen<br>Bei R\u00fcckfragen zu dieser Datenschutzerkl\u00e4rung wenden Sie sich bitte an die im Impressum angegebene verantwortliche Person. Au\u00dferdem steht Ihnen der Landesbeauftragte f\u00fcr Datenschutz als Ansprechpartner zur Verf\u00fcgung unter:<br>E-Mail:&nbsp;<a href=\"mailto:poststelle@ldi.nrw.de\">poststelle@ldi.nrw.de<\/a><br>Internet:&nbsp;<a href=\"http:\/\/www.nordrhein-westfalen.datenschutz.de\/\">http:\/\/www.nordrhein-westfalen.datenschutz.de<\/a><br>Telefon : +49 211 384240<br>Fax: +49 211 3842410<\/td><\/tr><\/tbody><\/table><\/figure>\n\n\n\n<p><strong>Datenschutzerkl\u00e4rung<\/strong><\/p>\n\n\n\n<p>Wir freuen uns sehr \u00fcber Ihr Interesse an unserem Unternehmen. Datenschutz hat einen besonders hohen Stellenwert f\u00fcr Herrn Bitkowski. Eine Nutzung der Internetseiten des Herrn&nbsp; Bitkowskis ist grunds\u00e4tzlich ohne jede Angabe personenbezogener Daten m\u00f6glich. Sofern eine betroffene Person z.B. die Online-Anmeldung \u00fcber unsere Internetseite in Anspruch nehmen m\u00f6chte, k\u00f6nnte jedoch eine Verarbeitung personenbezogener Daten erforderlich werden. Ist die Verarbeitung personenbezogener Daten erforderlich und besteht f\u00fcr eine solche Verarbeitung keine gesetzliche Grundlage, holen wir generell eine Einwilligung der betroffenen Person ein.<\/p>\n\n\n\n<p>Die Verarbeitung personenbezogener Daten, beispielsweise des Namens, der Anschrift, E-Mail-Adresse oder Telefonnummer einer betroffenen Person, erfolgt stets im Einklang mit der Datenschutz-Grundverordnung und in \u00dcbereinstimmung mit den f\u00fcr das Bitkowski geltenden landesspezifischen Datenschutzbestimmungen. Mittels dieser Datenschutzerkl\u00e4rung m\u00f6chte unsere Schule die \u00d6ffentlichkeit \u00fcber Art, Umfang und Zweck der von uns erhobenen, genutzten und verarbeiteten personenbezogenen Daten informieren. Ferner werden betroffene Personen mittels dieser Datenschutzerkl\u00e4rung \u00fcber die ihnen zustehenden Rechte aufgekl\u00e4rt.<\/p>\n\n\n\n<p>Herr Bitkowski hat als f\u00fcr die Verarbeitung Verantwortlicher zahlreiche technische und organisatorische Ma\u00dfnahmen umgesetzt, um einen m\u00f6glichst l\u00fcckenlosen Schutz der \u00fcber diese Internetseite verarbeiteten personenbezogenen Daten sicherzustellen. Dennoch k\u00f6nnen Internetbasierte Daten\u00fcbertragungen grunds\u00e4tzlich Sicherheitsl\u00fccken aufweisen, sodass ein absoluter Schutz nicht gew\u00e4hrleistet werden kann. Aus diesem Grund steht es jeder betroffenen Person frei, personenbezogene Daten auch auf alternativen Wegen, beispielsweise telefonisch, an uns zu \u00fcbermitteln.<\/p>\n\n\n\n<ol type=\"1\">\n<li><strong>Begriffsbestimmungen<\/strong><\/li>\n<\/ol>\n\n\n\n<p>Die Datenschutzerkl\u00e4rung des Herrn Bitkowskis beruht auf den Begrifflichkeiten, die durch den Europ\u00e4ischen Richtlinien- und Verordnungsgeber beim Erlass der Datenschutz-Grundverordnung (DS-GVO) verwendet wurden. Unsere Datenschutzerkl\u00e4rung soll sowohl f\u00fcr die \u00d6ffentlichkeit als auch f\u00fcr unsere Kunden und Gesch\u00e4ftspartner einfach lesbar und verst\u00e4ndlich sein. Um dies zu gew\u00e4hrleisten, m\u00f6chten wir vorab die verwendeten Begrifflichkeiten erl\u00e4utern.<\/p>\n\n\n\n<p>Wir verwenden in dieser Datenschutzerkl\u00e4rung unter anderem die folgenden Begriffe:<\/p>\n\n\n\n<ul>\n<li><strong>a)&nbsp;&nbsp;&nbsp; personenbezogene Daten<\/strong><\/li>\n<\/ul>\n\n\n\n<p>Personenbezogene Daten sind alle Informationen, die sich auf eine identifizierte oder identifizierbare nat\u00fcrliche Person (im Folgenden \u201ebetroffene Person\u201c) beziehen. Als identifizierbar wird eine nat\u00fcrliche Person angesehen, die direkt oder indirekt, insbesondere mittels Zuordnung zu einer Kennung wie einem Namen, zu einer Kennnummer, zu Standortdaten, zu einer Online-Kennung oder zu einem oder mehreren besonderen Merkmalen, die Ausdruck der physischen, physiologischen, genetischen, psychischen, wirtschaftlichen, kulturellen oder sozialen Identit\u00e4t dieser nat\u00fcrlichen Person sind, identifiziert werden kann.<\/p>\n\n\n\n<ul>\n<li><strong>b)&nbsp;&nbsp;&nbsp; betroffene Person<\/strong><\/li>\n<\/ul>\n\n\n\n<p>Betroffene Person ist jede identifizierte oder identifizierbare nat\u00fcrliche Person, deren personenbezogene Daten von dem f\u00fcr die Verarbeitung Verantwortlichen verarbeitet werden.<\/p>\n\n\n\n<h2>Who we are<\/h2>\n\n\n\n<p><strong class=\"privacy-policy-tutorial\">Suggested text: <\/strong>Our website address is: https:\/\/bitkowski.de.<\/p>\n\n\n\n<h2>Comments<\/h2>\n\n\n\n<p><strong class=\"privacy-policy-tutorial\">Suggested text: <\/strong>When visitors leave comments on the site we collect the data shown in the comments form, and also the visitor\u2019s IP address and browser user agent string to help spam detection.<\/p>\n\n\n\n<p>An anonymized string created from your email address (also called a hash) may be provided to the Gravatar service to see if you are using it. The Gravatar service privacy policy is available here: https:\/\/automattic.com\/privacy\/. After approval of your comment, your profile picture is visible to the public in the context of your comment.<\/p>\n\n\n\n<h2>Media<\/h2>\n\n\n\n<p><strong class=\"privacy-policy-tutorial\">Suggested text: <\/strong>If you upload images to the website, you should avoid uploading images with embedded location data (EXIF GPS) included. Visitors to the website can download and extract any location data from images on the website.<\/p>\n\n\n\n<h2>Cookies<\/h2>\n\n\n\n<p><strong class=\"privacy-policy-tutorial\">Suggested text: <\/strong>If you leave a comment on our site you may opt-in to saving your name, email address and website in cookies. These are for your convenience so that you do not have to fill in your details again when you leave another comment. These cookies will last for one year.<\/p>\n\n\n\n<p>If you visit our login page, we will set a temporary cookie to determine if your browser accepts cookies. This cookie contains no personal data and is discarded when you close your browser.<\/p>\n\n\n\n<p>When you log in, we will also set up several cookies to save your login information and your screen display choices. Login cookies last for two days, and screen options cookies last for a year. If you select &#8222;Remember Me&#8220;, your login will persist for two weeks. If you log out of your account, the login cookies will be removed.<\/p>\n\n\n\n<p>If you edit or publish an article, an additional cookie will be saved in your browser. This cookie includes no personal data and simply indicates the post ID of the article you just edited. It expires after 1 day.<\/p>\n\n\n\n<h2>Embedded content from other websites<\/h2>\n\n\n\n<p><strong class=\"privacy-policy-tutorial\">Suggested text: <\/strong>Articles on this site may include embedded content (e.g. videos, images, articles, etc.). Embedded content from other websites behaves in the exact same way as if the visitor has visited the other website.<\/p>\n\n\n\n<p>These websites may collect data about you, use cookies, embed additional third-party tracking, and monitor your interaction with that embedded content, including tracking your interaction with the embedded content if you have an account and are logged in to that website.<\/p>\n\n\n\n<h2>Who we share your data with<\/h2>\n\n\n\n<p><strong class=\"privacy-policy-tutorial\">Suggested text: <\/strong>If you request a password reset, your IP address will be included in the reset email.<\/p>\n\n\n\n<h2>How long we retain your data<\/h2>\n\n\n\n<p><strong class=\"privacy-policy-tutorial\">Suggested text: <\/strong>If you leave a comment, the comment and its metadata are retained indefinitely. This is so we can recognize and approve any follow-up comments automatically instead of holding them in a moderation queue.<\/p>\n\n\n\n<p>For users that register on our website (if any), we also store the personal information they provide in their user profile. All users can see, edit, or delete their personal information at any time (except they cannot change their username). Website administrators can also see and edit that information.<\/p>\n\n\n\n<h2>What rights you have over your data<\/h2>\n\n\n\n<p><strong class=\"privacy-policy-tutorial\">Suggested text: <\/strong>If you have an account on this site, or have left comments, you can request to receive an exported file of the personal data we hold about you, including any data you have provided to us. You can also request that we erase any personal data we hold about you. This does not include any data we are obliged to keep for administrative, legal, or security purposes.<\/p>\n\n\n\n<h2>Where your data is sent<\/h2>\n\n\n\n<p><strong class=\"privacy-policy-tutorial\">Suggested text: <\/strong>Visitor comments may be checked through an automated spam detection service.<\/p>\n","protected":false},"excerpt":{"rendered":"<p>Impressum und Haftungsauschlu\u00df Rainer BitkowskiRuhrtalstr.40145219 Essen02054 \/ 9833703 St.-Nr.: 112\/5033\/1073\u00a0 \u00a0 Bei Beschwerden, Hinweisen und Anregungen wenden Sie sich bitte zun\u00e4chst an den Verantwortlichen f\u00fcr diese Website:&nbsp; Rainer Bitkowski bitkowski@gmx.de &nbsp; Erkl\u00e4rung zum Datenschutz und zur Datensicherheit Wir unterst\u00fctzen den &hellip; <a href=\"https:\/\/bitkowski.de\/?page_id=24\">Weiterlesen <span class=\"meta-nav\">&rarr;<\/span><\/a><\/p>\n","protected":false},"author":1,"featured_media":0,"parent":0,"menu_order":0,"comment_status":"closed","ping_status":"closed","template":"","meta":[],"_links":{"self":[{"href":"https:\/\/bitkowski.de\/index.php?rest_route=\/wp\/v2\/pages\/24"}],"collection":[{"href":"https:\/\/bitkowski.de\/index.php?rest_route=\/wp\/v2\/pages"}],"about":[{"href":"https:\/\/bitkowski.de\/index.php?rest_route=\/wp\/v2\/types\/page"}],"author":[{"embeddable":true,"href":"https:\/\/bitkowski.de\/index.php?rest_route=\/wp\/v2\/users\/1"}],"replies":[{"embeddable":true,"href":"https:\/\/bitkowski.de\/index.php?rest_route=%2Fwp%2Fv2%2Fcomments&post=24"}],"version-history":[{"count":5,"href":"https:\/\/bitkowski.de\/index.php?rest_route=\/wp\/v2\/pages\/24\/revisions"}],"predecessor-version":[{"id":53,"href":"https:\/\/bitkowski.de\/index.php?rest_route=\/wp\/v2\/pages\/24\/revisions\/53"}],"wp:attachment":[{"href":"https:\/\/bitkowski.de\/index.php?rest_route=%2Fwp%2Fv2%2Fmedia&parent=24"}],"curies":[{"name":"wp","href":"https:\/\/api.w.org\/{rel}","templated":true}]}}